mon factor of m and o.
10
Suppose 0 = -3*f + 105 + 6. Let l = -26 + f. What is the highest common factor of l and 99?
11
Suppose -83*n + 256 = -67*n. Calculate the greatest common divisor of 144 and n.
16
Let a be (-330)/(-16) + (-510)/816. Let v be (-6)/9 - 52/3. Let j = v - -58. Calculate the highest common factor of a and j.
20
Let i = -111 - -13. Let x = i + 162. Suppose 35*p + 9*p = 11*p + 528. Calculate the greatest common factor of x and p.
16
Let n = -73 - -137. Let a(q) = q**2 - 22*q - 40. Let f be a(24). Calculate the greatest common divisor of n and f.
8
Suppose 0 = i - 6*i - 395. Let j be -1 - -1 - (i - 1). Suppose -2*h = 253 - 285. What is the greatest common factor of j and h?
16
Suppose 5*s = -4*a + 5 + 13, 0 = s + 4*a + 6. Let n(t) = 8*t - 36. Let y be n(6). Calculate the greatest common factor of y and s.
6
Let x(c) = -4*c - 6. Suppose 3*m + 5 = -10. Let f be x(m). Let j be 904/f - 15/(-35). What is the highest common factor of j and 26?
13
Let c(a) = -35*a - 162. Let r be c(-5). Calculate the highest common divisor of r and 26.
13
Suppose -5*k - 25 = 0, -2*q + 4*k + 4 = -22. Suppose 5*h - 4*y = 0, -2*h + 5*y = -q*h + 29. Calculate the greatest common factor of 4 and h.
4
Suppose 5*m - i = 193, -6*m = -9*m - 4*i + 125. What is the greatest common factor of m and 169?
13
Let k(d) = -2*d**2 + 8*d + 7. Let y(q) = q. Let j(x) = -k(x) + 6*y(x). Let u be j(5). Let f = 50 - u. What is the greatest common factor of 17 and f?
17
Let r(m) = 82*m - 631. Let o be r(8). What is the highest common divisor of 25 and o?
25
Suppose 5*t = p - 74, 0*t + 79 = p - 4*t. Suppose 2*f + 129 - 151 = 0. Calculate the greatest common factor of f and p.
11
Let m = 143 + -86. Let r(u) = 4*u**2 + 2. Let o be r(3). Calculate the highest common factor of m and o.
19
Let p = -1169 - -1321. Calculate the highest common divisor of 114 and p.
38
Suppose -4*t + 338 = 3*l - 328, 0 = -t - 5*l + 175. Calculate the greatest common factor of 33 and t.
33
Let l be -1 + -1*3/(-6)*1718. Calculate the greatest common divisor of l and 132.
66
Let o be (392/42 + -10)*1080/(-2). Calculate the highest common factor of o and 80.
40
Suppose 3*d = q - 60, 2*q + 3*d + 34 = 172. Let i(h) = 10*h + 2. Let x be i(2). What is the highest common factor of x and q?
22
Let j be -28*(-1)/((-2)/(-9)). Let x be -5 + (12 - -2) + -9 + 14. Calculate the greatest common divisor of j and x.
14
Suppose -420 = -169*c + 164*c. What is the greatest common divisor of c and 56?
28
Suppose -g - d - 2 = -2*d, 2*d = 4. Suppose g*c - 7 = c. Let z(r) = -r**3 - 8*r**2 - 8*r + 5. Let u be z(c). What is the greatest common factor of u and 120?
12
Let g(z) = -z**3 - 5*z**2 + 8*z. Let a be g(-8). What is the greatest common factor of a and 8?
8
Let s(t) = -2*t - 12. Let n be s(-7). Suppose -2*v - q - 3 = 0, 5*q = 2*q - 15. Calculate the highest common factor of n and v.
1
Suppose 41*u = 35*u + 498. Calculate the highest common factor of u and 1411.
83
Suppose -2 = -2*m, u + 0*m + 4*m = 22. Suppose 0 = -2*w + 2 + 142. Calculate the greatest common factor of u and w.
18
Let u(r) = r**2 - 5*r + 9. Let n be u(3). Let h be (-29 + 3/n)/(-2). Let x be 95 - (-4)/2 - -1. What is the greatest common factor of h and x?
14
Suppose -8*p = -21 - 27. What is the highest common factor of p and 111?
3
Suppose 9*t - 3033 = -2412. Let n(g) = -g**3 + g + 2. Let z be n(0). Let d be 2*(-1)/z*-23. What is the highest common divisor of d and t?
23
Let k(n) = -n**3 + 14*n**2 + 2*n - 3. Let i be k(14). Suppose i = -5*o, t + 2 = -o + 17. What is the greatest common divisor of 5 and t?
5
Let u be 5 + (2 - 2) + 1. Let t = u + -6. Suppose g - 9 = -t*g. What is the highest common divisor of 99 and g?
9
Suppose -5*t = -3*q + 32, -5*q + 4*q + 24 = -5*t. Suppose c = q*v + 46 + 114, 265 = 2*c + 3*v. Calculate the greatest common divisor of 35 and c.
35
Suppose -t + 540 = 4*l + 204, 4*l = -2*t + 660. What is the highest common factor of t and 12?
12
Let a = -805 - -841. What is the greatest common factor of a and 135?
9
Let x(a) = -16*a - 99. Let r be x(-7). Let i be (13 - 1) + (-2 - -3). Let u = 0 + i. What is the highest common factor of r and u?
13
Suppose 0 = 26*z - 38*z + 180. Let k = 18 - 9. Calculate the greatest common factor of k and z.
3
Suppose w - 13 = -5*o, -7 = -4*w + w + o. Let n = w - -5. Suppose -9*j + n*j = -19. Calculate the highest common divisor of j and 19.
19
Let y = 1331 + -1115. What is the greatest common divisor of 12 and y?
12
Let n(k) = -3*k**3 - 4*k**2 + 26*k - 16. Let p be n(-7). What is the highest common divisor of 127 and p?
127
Let b = 19 + -8. Suppose 837 = -b*k + 4225. Calculate the highest common factor of k and 28.
28
Suppose 2*x + 27 = 699. What is the greatest common factor of x and 16?
16
Let c(s) = -3*s - 3*s + 3*s + 0*s - 9. Let q be c(-6). What is the highest common divisor of q and 99?
9
Suppose -40*s = 21 - 501. What is the highest common divisor of 3 and s?
3
Let s = -3 + 3. Suppose -2*j = -4*c, 4*j + 5*c = -s*j + 13. Let a be 70 - ((2 - j) + -2). What is the greatest common factor of 9 and a?
9
Let k = 181 - 133. What is the highest common factor of 2256 and k?
48
Suppose 0 = b + 1281 - 4314. Calculate the highest common factor of 9 and b.
9
Let o = 92 + -85. Suppose 5*m = o*m - 360. What is the greatest common factor of m and 20?
20
Suppose -3*g + 51 = 3*n, -2*n - 55 = -3*g - 4*n. What is the highest common divisor of 651 and g?
21
Let j(d) be the first derivative of -d**4/4 - d**3 - 4*d + 9. Let o be j(-7). What is the highest common divisor of 16 and o?
16
Let x be 4/(-26) - 3132/(-78). What is the highest common divisor of 90 and x?
10
Let r(i) = i**3 + 10*i**2 - 9*i - 12. Let v be r(-10). Let c be (-3)/(-18) + (-622)/(-12). Calculate the highest common factor of c and v.
26
Let b(i) = i**2 - i + 10. Let r be b(0). Let k = -13695 - -13715. What is the greatest common factor of k and r?
10
Let y be 7/((-49)/(-21)) - -7*1. What is the greatest common factor of y and 190?
10
Suppose n + 423 = 3*y - 469, 2*n = -5*y + 1483. What is the highest common divisor of 22 and y?
11
Suppose 5*g + 10 = 2*d + 21, -5*d - 16 = -g. Let b = 8 - d. Let c = -3808 - -3852. Calculate the highest common divisor of b and c.
11
Let f(c) = c**3 + 19*c**2 + 19*c + 7. Let d be f(-18). Let s = d - -25. Calculate the highest common divisor of s and 21.
7
Suppose -3*i + 772 = 4*q, -4*q = -2*i + 293 - 1045. What is the greatest common divisor of 10 and q?
10
Suppose 936 = 54*k - 18*k. What is the highest common factor of k and 2?
2
Suppose 5*w - 543 = 172. Suppose 0 = -3*i + 4*i + 5*o - 50, -4*i - o = -w. Calculate the greatest common factor of 315 and i.
35
Suppose -3*z = 4*s - 1 - 13, -4*z + 4*s = 0. Suppose -5*l - 3*i + 32 = -0*l, 4*l = 4*i. What is the greatest common divisor of z and l?
2
Suppose 0 = o + 5*d + 50, 3*o - 2*o - 3*d + 74 = 0. Let k = o - -83. Let z be (2/4)/(3/270). What is the highest common divisor of k and z?
9
Suppose -5*g = -2*i - 738, -g + 0*g + 3*i = -158. Suppose -g = -0*v + 2*v. Let a = -38 - v. What is the greatest common divisor of a and 7?
7
Let z(c) = -3 + 0 + 4*c**2 + 3*c**3 - 2*c**3 - 6*c. Let h be z(-5). Let n(y) = 4*y + 58. Let i be n(-11). Calculate the greatest common divisor of h and i.
2
Suppose -4*q = -5*q + 22. Let h be 9*(-1)/(-2)*q. Let g = 16 + -7. Calculate the highest common factor of g and h.
9
Suppose -11*i + 3269 + 1219 = 0. What is the highest common divisor of i and 48?
24
Let x = 23 + -19. Let t(g) = g**3 - 3*g**2 - 4*g + 3. Let o be t(x). Let p be 199 - (3/1)/o. What is the greatest common factor of 18 and p?
18
Let j(v) = -10*v + 112. Let h be j(10). What is the highest common divisor of h and 9?
3
Suppose -4*c = -5*s + 7, c + 0*s - 3*s = -7. Suppose 3*p - 90 = -c*p. What is the greatest common factor of p and 54?
18
Suppose 0 = 5*n - 69 - 101. Let q(p) = p**3 - p**2 - 6*p - 1. Let t be q(5). Let j be -4 + t + 2 - -1. Calculate the highest common factor of j and n.
34
Suppose -3*l + 38 = 2*i, -38 = -4*l + 3*i + 41. Let d be 0/5*(-1)/(-2). Suppose d = -0*c - 11*c + 176. What is the greatest common factor of l and c?
16
Let y(g) = -3*g**2 + 28*g - 7. Let u be y(3). What is the highest common factor of u and 60?
10
Let i(o) = 1. Let r(c) = -c**2 - 7*c + 32. Let p(u) = 5*i(